culate the remainder when k(-10) is divided by s.
24
Suppose 0 = -6*y - 4 + 100. Calculate the remainder when 46 is divided by y.
14
Suppose -22*y + 21*y + 68 = 0. Calculate the remainder when y is divided by 18.
14
Suppose -3*z + 18 = -0. What is the remainder when z is divided by ((-2)/(-3))/(1/3)?
0
Let l(s) = -s**3 + 16*s**2 - 14*s + 4. Calculate the remainder when 91 is divided by l(15).
15
Let c = 68 + -42. Let v be 4/c - 304/(-52). Suppose -g - 295 = -v*g. Calculate the remainder when g is divided by 20.
19
Calculate the remainder when (-4096)/(-28) - (-2)/(-7) is divided by 21.
20
Let w(v) = 1 + 21*v - 20*v - 1. What is the remainder when 28 is divided by w(8)?
4
Let u = 4 + 3. Suppose 0 = -k + u + 13. Suppose -6*c + 5*q = -4*c - 2, 3*c - 53 = -5*q. Calculate the remainder when k is divided by c.
9
Let c = -3 + 28. Suppose 4*g - 2*y - 64 = 0, -3*y = g - 2*g + 26. Calculate the remainder when c is divided by g.
11
Let o(n) = 10*n**3 + n**2 - 4*n + 5. Calculate the remainder when o(2) is divided by 41.
40
Let d = -18 + 34. Calculate the remainder when 29 is divided by d.
13
Let p(i) = 3*i - 30. What is the remainder when 33 is divided by p(14)?
9
Suppose 5*m - 203 = 3*h, m + 3*h = -3*m + 184. What is the remainder when m is divided by 15?
13
Suppose 2*j + 49 = -5*t + 148, t + 288 = 5*j. What is the remainder when j is divided by 23?
11
Calculate the remainder when 102 is divided by (-6 - -5)/(1/(-13)).
11
Suppose p = 4*i - 0*p - 48, 0 = 4*i + p - 40. Let n(r) = 6*r**2 - 3*r + 3. Let f be 9/(-6)*-2 + -1. Calculate the remainder when n(f) is divided by i.
10
Calculate the remainder when 126 is divided by (-195)/(-6) + 1/(-2).
30
What is the remainder when 1/4 + (-382)/(-8) is divided by 26?
22
Let c(q) = -q**2 - 14*q + 20. What is the remainder when c(-11) is divided by 14?
11
Suppose a - 5*a = -16. What is the remainder when a is divided by 2?
0
Let t = -5 - -23. What is the remainder when t is divided by 5?
3
Suppose 2*m - h = 20, -3*h - 5 = -2*m + m. Suppose -72 = -4*o - 4*q, q + 2*q + m = 2*o. Calculate the remainder when o is divided by 8.
5
Let y be (-6)/15 + (-141)/(-15). Suppose l = 3*g - 30, 2*g - y = 2*l + 15. Calculate the remainder when g is divided by 6.
3
Let q = 19 - 10. Suppose -2*c = -4*r - r + 14, -2*r = 8. Let x = -12 - c. What is the remainder when q is divided by x?
4
Let c(n) = n**2 - 2*n - 5. Calculate the remainder when 7 is divided by c(4).
1
Let m = 50 + -35. Calculate the remainder when 59 is divided by m.
14
Let a = 24 + -16. What is the remainder when 31 is divided by a?
7
Suppose -j - 5*c + 209 = 0, -3*c = -5*j + c + 900. Let t = j - 108. Calculate the remainder when t is divided by 26.
24
Suppose 0 = -0*r - 3*r + 54. Calculate the remainder when 33 is divided by r.
15
Suppose -2*o = 5*j - 31, j = -4 + 5. Let d = o + 4. What is the remainder when 49 is divided by d?
15
Let p = 90 - -24. Suppose -4*t + 125 = -5*v - 11, 2*t = -4*v + 42. What is the remainder when p is divided by t?
27
Let s = 19 + -10. Suppose -3 + 4 = j. What is the remainder when 154/6 - j/(-3) is divided by s?
8
Suppose b - 5 - 7 = f, b = -5*f. Calculate the remainder when 34 is divided by b.
4
Let q(j) = -6*j + 38. What is the remainder when q(-13) is divided by 39?
38
Let j(w) be the second derivative of -w**5/20 - w**4/3 + 2*w**3/3 + 3*w. What is the remainder when 13 is divided by j(-5)?
3
What is the remainder when 155 is divided by (3 + -42)/((6 + -4)/(-2))?
38
Let h = 74 + -28. Suppose 72 = -0*k + 3*k. What is the remainder when h is divided by k?
22
Let h = 27 - 12. Let n(y) = y**3 + 7*y**2 + 6*y + 9. Calculate the remainder when h is divided by n(-6).
6
Let g(w) = w**3 + w**2 - w. Let l be g(2). Suppose 0 = 5*y + 16 + 9. Calculate the remainder when 16 is divided by (-28)/y - (-4)/l.
4
Let i(p) = -p**2 - 4*p + 4. Let y(u) = 2*u**3 + 2*u**2 - 3*u - 2. Let w be y(-2). What is the remainder when 10 is divided by i(w)?
2
Suppose -4*n = 4*d + 17 - 69, -2*d = 4*n - 50. Let a = 6 + 17. What is the remainder when a is divided by n?
11
Suppose 4 = 3*q - 164. Calculate the remainder when q is divided by 12.
8
Suppose 3*u = 41 + 16. Let c = -101 - -174. What is the remainder when c is divided by u?
16
Let p(g) = g**2 - 6*g + 1. Let v be p(5). Suppose -5*i + 2 = -68. What is the remainder when i is divided by (-3)/(3/v) - 0?
2
Let q(v) = -4*v**2 - 2*v + 3*v**2 + 4*v. Let x be q(2). Suppose -11 = -m - x. Calculate the remainder when 21 is divided by m.
10
Suppose 4*s - 7*s = -183. Calculate the remainder when s is divided by 16.
13
Suppose 5*x - 890 = -5*t, -3*t + 547 - 11 = 5*x. What is the remainder when t is divided by 30?
27
Suppose 5*j + 10 = 2*b, -b - j + 4 = -3*j. Suppose 2*v + w - 3*w - 26 = b, v - 2*w - 8 = 0. What is the remainder when v is divided by 11 - (0 + (-1 - -2))?
8
Let c = -6 + 2. What is the remainder when 42 is divided by (-85)/c + 15/20?
20
Suppose 0 = -2*y + y + 4. Let z(d) = -d**2 - 9*d - 6. Let i be z(-7). Suppose -i = -2*x + y. Calculate the remainder when 21 is divided by x.
3
Suppose -2*f + 6 = 0, -3*f + 2*f + 6 = j. Let a be (-3 + 0)*(2 - 5). Suppose a = 2*r - 1. What is the remainder when r is divided by j?
2
Suppose 3*r + 1 = 13. Suppose 5*t - 6 = r*g, -t = t - 4. Let j = g + 5. Calculate the remainder when j is divided by 4.
2
Let w be (-3)/(9/(-6)) - -1. Suppose 0 = -w*i - 0 + 12. Suppose 2*u = 4*u - i. Calculate the remainder when 5 is divided by u.
1
Let f(k) = -k**2 - 6*k - 3. Let v be f(-5). Suppose -5*j = b - 49, -3*j + 15 = -v*b - 4. What is the remainder when 24 is divided by j?
6
Suppose -3*o - 55 = 3*w - o, -2*w + 4*o = 26. Let t = -10 - w. What is the remainder when 20 is divided by t?
6
Suppose -2*y - 117 = -5*y. Let t = y + -23. Let l(u) = 4*u + 7. Calculate the remainder when l(6) is divided by t.
15
Let o be (2 - 0)/1 - 1. Calculate the remainder when (o - 0)/1*24 is divided by 13.
11
Let w = -7 - -69. Calculate the remainder when w is divided by 33.
29
Let k = 7 - 4. Suppose 0 = -5*x - 25 - 10. Let a = -3 - x. What is the remainder when a is divided by k?
1
Let d = -21 + 40. Calculate the remainder when 113 is divided by d.
18
Let j = -19 + 39. Suppose -2*x = a - 3*a, -3*x = 2*a. Suppose 5*r = j, -k - 4*r + 23 + 13 = a. What is the remainder when k is divided by 11?
9
Let g(t) = -t**2 - 4*t + 4. Let x be g(-5). What is the remainder when 25 is divided by x*(-1 - -3) + 11?
7
Let o = 155 - 54. Calculate the remainder when o is divided by 35.
31
Let l = 0 - 16. Let a be 0 + 0 - 2 - l. Suppose -v + a = 4. What is the remainder when 19 is divided by v?
9
Let j(a) = -a**2 + 5 + 3 + 3*a - 10*a. Let b be j(-7). Suppose -17 - b = -h. Calculate the remainder when h is divided by 9.
7
Let l = -3 - -4. Suppose -5*f + 8 = c, 2*c + 2*f = 33 - l. What is the remainder when 34 is divided by c?
16
Let i(x) = 2*x**2 + 16*x + 15. What is the remainder when i(-11) is divided by 12?
9
Let i = 44 - 26. Calculate the remainder when 70 is divided by i.
16
Let b(t) = -t**3 + 4*t**2 + 3*t. Suppose -l - 3*l = -16. What is the remainder when -2*(-2)/(l/21) is divided by b(4)?
9
Let m(j) = j**3 + 11*j**2 + 9*j + 2. Calculate the remainder when m(-10) is divided by 5.
2
Calculate the remainder when 35 is divided by 10 - 5/(15/6).
3
Let c(u) = -u - 2. Let z = 3 + -11. What is the remainder when c(z) is divided by 4?
2
Suppose 5*o - 200 = -u, 98 = o + 4*u + 39. What is the remainder when o is divided by 3?
0
Let o = 15 + 3. Let j = -247 + 252. Calculate the remainder when o is divided by j.
3
Suppose -4*n + 27 = -1. Calculate the remainder when 13 is divided by n.
6
What is the remainder when (4 - -22) + -2 + -3 is divided by 3?
0
Suppose 4 = n - 2. Let q(r) = -r**2 + 5*r + 8. Suppose 4 = -8*o + 10*o. Calculate the remainder when o is divided by q(n).
0
Let p = 6 + -1. Suppose -2*w - 2*f = 0, w + 6 + 6 = -p*f. Suppose 95 = 5*l + 5*i, w*i = 3*l + 2*i - 37. What is the remainder when l is divided by 5?
4
Let b(p) = p**2 + 6*p - 7. Let z be b(-8). Suppose 2*h + v - 6 = 0, -3*h = -6*h + v + z. What is the remainder when 10 is divided by 1/(h/36*2)?
4
Let v(l) = -l**2 - 7*l - 1. What is the remainder when 5 is divided by v(-6)?
0
Let b(h) = 5*h**3 - 8*h + 12*h**2 - 18 - 10*h - 4*h**3 + 2*h. Calculate the remainder when 81 is divi